-690)*-3). Suppose 0 = -4*v - v + n*o + z, 0 = -v + 4*o + 41. What is the tens digit of v?
2
Suppose w - 3*z + 6 = -0*w, -3*w - 3 = -4*z. What is the hundreds digit of 10 + (-15)/w - -152?
1
Let q(p) be the third derivative of p**6/120 + p**5/10 - 11*p**4/12 + 7*p**3/2 + 10*p**2. What is the tens digit of q(6)?
2
Let q(x) be the third derivative of -x**5/60 - 5*x**4/12 + 3*x**3/2 + 9*x**2. What is the tens digit of q(-5)?
3
Suppose -y = 2*o + 2773 - 549, 2*y + 4460 = 2*o. Let q be (-9)/(-15) + y/(-20). Suppose q = -h + 5*h. What is the units digit of h?
8
Let o be -2*(0 + 2)*12. Let x = o + 23. Let f = 60 + x. What is the tens digit of f?
3
Let c(f) = -7*f + 17. Let b be c(5). What is the tens digit of (-34*(-3)/(-2))/(b/12)?
3
Let x be (-12144)/(-30) - (-4)/20. Let b = -134 + x. What is the tens digit of b?
7
Let s = -92 + 151. Let v = 11 + s. What is the units digit of v?
0
Suppose -z + 8 = 2*x, z - 3*x + 3 + 4 = 0. What is the units digit of z + 61*(1 + 0)?
3
Let n = 15 + -9. Let a be 3*(4 - 20/n). Suppose -o = -a*o + 12. What is the tens digit of o?
1
Let u(n) = 7*n**2 - n. Let x = 30 + -29. What is the units digit of u(x)?
6
What is the tens digit of (-4)/32*0 - -138?
3
Let s(l) = l**3 + 14*l**2 - 6*l - 12. Let g be s(-14). Let j = g - 12. What is the tens digit of j?
6
Let q(z) = -2*z**2 + 8*z + 13. Let f be q(-9). Let t = -44 - f. What is the hundreds digit of t?
1
Suppose 5*q + 105 = -5*u, 30 = 3*q - 4*u + 86. Let c = 140 + -86. Let l = c + q. What is the units digit of l?
4
Let b = 13 - 11. Suppose 3*r - 122 = 4*j + 254, 0 = r - b*j - 126. What is the tens digit of r?
2
Let i = 12 - -2. Suppose -t - 4*f + 38 = 0, 4*f = t - 0*f - i. What is the tens digit of t?
2
Let k = -15 + 14. What is the hundreds digit of -474*(k + (-1)/(-2))?
2
Let h(v) be the first derivative of v**3/3 + 11*v**2/2 + 3*v - 105. Suppose f - 48 = 5*f. What is the units digit of h(f)?
5
Let s(h) = -h**3 + 11*h**2 - 12*h + 2. Let r = 7 + 2. What is the units digit of s(r)?
6
Suppose -11 = 2*q + 3*n + 2, 3*n = 4*q + 35. Let r = -2 - q. Let t = r - -4. What is the units digit of t?
0
Let z be 1/(-2) - (-7)/2. Suppose -z*l + 95 = 3*r - 55, -l - 48 = -r. What is the units digit of r?
9
Let b(u) = 8*u**3 - 9*u**2 + 13*u + 10. What is the thousands digit of b(6)?
1
Let z(q) = 9*q - 4. Suppose -2*v = 4*x - 2 - 4, 17 = 3*x - v. Let n be z(x). Let i = -18 + n. What is the units digit of i?
4
Suppose 6*f - 1751 = -179. What is the hundreds digit of f?
2
Suppose -3*n + 5 = 11. What is the units digit of (20/5 + n)*13?
6
Suppose -a - 678 = -s, 4*s - 793 = a + 1910. What is the hundreds digit of s?
6
Suppose -5019 = -25*r + 7281. What is the tens digit of r?
9
Let j be (6/5)/2 - (-82)/5. Let b = j - 1. What is the units digit of b?
6
Let p(d) = -d**3 + 7*d**2 - 3*d + 12. Let q be p(6). Suppose -3*u = 3*b - 39, 32 = 5*b + 2*u - q. What is the tens digit of b?
1
Let m = 121 + -125. What is the tens digit of ((-27)/(-12))/(m - (-196)/48)?
2
Suppose -8*i + 9*i + 12 = 0. Let x = i - -12. Suppose p - 40 + 16 = x. What is the units digit of p?
4
Let m = 620 + -33. What is the hundreds digit of m?
5
Let b(q) = -2*q**2 + 2*q - 4. Let u(g) = -g**2 + g - 2. Let l(h) = -4*b(h) + 9*u(h). Let n be l(2). What is the tens digit of (-38)/n*(-12)/(-3)?
3
Let a(u) = -2*u**3 - 2*u**2 - 7*u + 963. What is the hundreds digit of a(0)?
9
Let g(v) = -3*v - 2. Let n be g(-1). Let b be 70/(-5)*-1*n. Suppose -2 = -t + b. What is the units digit of t?
6
What is the hundreds digit of (201/(-9) + 0 + 0)*-21?
4
Let i be (-52)/(-39) + (-32)/(-12). Let l(w) = 10*w - 9. Let d be l(8). Suppose i*h - 117 = d. What is the tens digit of h?
4
Suppose -5*v - 3*a - 16 = -0, 5*a + 10 = 0. Let p(f) be the first derivative of -3*f**2/2 - 5*f - 1. What is the units digit of p(v)?
1
Let x(w) = w**2 - 4*w + 3. Let u be x(2). Let o be 1 - 0 - -98 - u. Suppose o = -0*r + 4*r. What is the units digit of r?
5
Suppose 2808 = 9*p + 3*p. What is the tens digit of p?
3
Let b(r) = 169*r**2 - 16*r - 78. What is the hundreds digit of b(-4)?
6
Let r(b) = -13*b + 10. Let p(j) = -j**2 + 14*j - 11. Let u(l) = -2*p(l) - 3*r(l). What is the hundreds digit of u(-16)?
3
Suppose -2*w - 3*x - 23 = 0, 6*w + 3*x + 27 = 3*w. Let i(z) be the first derivative of -7*z**2/2 - 10*z - 8. What is the units digit of i(w)?
8
Suppose 0 = 3*l - 5*a + 14, 1 = -a - 1. Let z be (2/(-2))/(l/64). What is the units digit of (-79)/(-7) + z/(-28)?
1
What is the thousands digit of (-23658)/2*(8 + (-450)/54)?
3
Suppose 3*n + 28*i = 32*i + 6646, 2*n + 4*i = 4424. What is the hundreds digit of n?
2
Suppose 2071*s + 2016 = 2083*s. What is the tens digit of s?
6
Suppose -16 = x - 5*x. Suppose x = 2*v, -5*z - 2*v = 3*v - 140. Let n = 37 - z. What is the units digit of n?
1
Let i = 7 - 4. Suppose c = -0*c + i. Suppose -2*z + 12 = 2*p, -c*z - 30 = -7*z - 2*p. What is the units digit of z?
9
Let c be 111/4 - 1/(-4). Suppose -30*p + 178 = -c*p. What is the tens digit of p?
8
Let y be 17/3*9*-1. Let s = y + 54. What is the units digit of s?
3
Suppose -115 = -w - 5*o, -555 = 9*w - 13*w - o. What is the units digit of w?
0
Suppose -2*w + 96 = -0*w - 3*l, -l = -3*w + 158. What is the tens digit of w?
5
Let c = -23 + 26. What is the tens digit of ((-120)/(-50))/(c/150)?
2
Let s be 4/((-1 + 5)/8). Let d(n) = n**2 - n - 8. What is the units digit of d(s)?
8
Suppose 1210 = 5*k - 550. What is the units digit of k?
2
Let o = 906 + -495. What is the hundreds digit of o?
4
What is the hundreds digit of ((-43)/(-43))/(2/(6597 - -1))?
2
Let m(p) = -2281 + 14*p**3 + 2281 + 2*p**2. What is the units digit of m(1)?
6
Let y be 3874/18 + (-18)/81. Suppose 35 - y = -9*p. What is the units digit of p?
0
Let b = -439 + 1294. What is the hundreds digit of b?
8
Suppose 0 = 3*z + 6, -d + 196 - 32 = -4*z. What is the hundreds digit of d?
1
Let a be (2/(-4))/(3/(-78)). Suppose 0 = -3*j + 3*o + 21 - 0, o - a = -3*j. Suppose -3*k + 68 = -k + v, j*v = -3*k + 102. What is the units digit of k?
4
Let t(g) = g**2 + 15*g + 16. Let k be t(-14). Let s be 2*(k + (-36)/8). What is the tens digit of ((-2)/(-4))/(s/(-230))?
2
Suppose -17*x = -2114 - 436. Suppose -2*s - 4 = 0, -4*s - x = -2*l + 414. What is the hundreds digit of l?
2
Let n = 2448 - 755. What is the units digit of n?
3
Let j(c) = 2*c**2 + c + 2. Let p be j(-2). Let s be (100/p)/(1/10). Suppose 5*n - 108 - 11 = 3*i, -5*n + 5*i + s = 0. What is the tens digit of n?
2
Suppose -23*z - 16*z + 2301 = 0. What is the tens digit of z?
5
Suppose -2*y + 0*y = -i + 45, -4*y = i - 27. What is the tens digit of (48/10)/(-1 - i/(-30))?
1
Let b = -590 - -283. Let c = b + 185. Let f = -66 - c. What is the units digit of f?
6
Let r(c) = -c**3 - c**2 + c + 4. Let a be r(0). Suppose 0 = 5*k - k + a, 0 = 2*b - 3*k - 35. Suppose 2*z - b = 30. What is the tens digit of z?
2
Let p(q) = 2*q**3 + 17*q**2 - 7*q + 26. Let d be p(-9). Let v(f) = 5*f**2 - 6*f - 19. What is the hundreds digit of v(d)?
2
Suppose -6*a = -a - 10. Suppose 0*f = 3*f + 4*o - 64, 0 = 4*f + 2*o - 82. Suppose 0 = -h - a + f. What is the tens digit of h?
1
Suppose -18 = d - 4*d. Suppose 39 = d*k - 237. What is the tens digit of k?
4
Let j = -33 + 29. Let k(f) = -f**2 - 1. Let d be k(0). What is the units digit of (29 - (d + -2)) + j?
8
Suppose -6*k = 16 + 14. Let v = -20 + 9. Let r = k - v. What is the units digit of r?
6
Let x(i) = i**2 + 9*i + 7. Let y be x(-8). Let h(p) = -45*p - 9. Let k(l) = -22*l - 5. Let v(t) = 3*h(t) - 5*k(t). What is the tens digit of v(y)?
2
Let o = -7114 - -10164. What is the thousands digit of o?
3
Let v be -2*(1 - 0) + 12. Suppose 3*g - g + 4 = 0, -30 = -4*b + 3*g. Let j = v - b. What is the units digit of j?
4
Let w(g) = 5*g - 4. Let i(j) = -10*j + 9. Let c(h) = 6*i(h) + 13*w(h). Let n be (-4)/(-10)*(5 - 0). What is the units digit of c(n)?
2
Suppose 5*c + 852 = k, -3*k - 58*c = -54*c - 2594. What is the tens digit of k?
6
Let x be -2*2*(-3 - (-86 + 0)). Let z = x - -501. What is the units digit of z?
9
Suppose 0 = i + 3 - 5, -3*j + 5*i = 4. Suppose 0 = 3*x - 2*y - 0*y - 343, -2*x + j*y + 230 = 0. What is the tens digit of x?
1
Let o(r) = r**3 - 3*r**2 + 4*r - 6. Suppose 4*y - 12 = -3*m + 4, 5*y - 5*m - 20 = 0. What is the units digit of o(y)?
6
Let t(c) = -c**2 + 8*c + 4. Le